n(-79).
-49
Let p(y) = 6*y**2 - 896*y + 1186. What is p(148)?
2
Let s(x) = 26*x**2 - x + 3. What is s(2)?
105
Let n(m) = 2*m**3 + 11*m**2 + 19*m - 5. What is n(-3)?
-17
Let o(f) = 25*f**3 + 244*f**2 - 98*f - 384. Determine o(-10).
-4
Let x(y) = -y**2 + 31*y - 95. Determine x(4).
13
Let o(q) = -8*q**3 + q**2 - 3*q - 15. Calculate o(-3).
219
Let v(g) = g**3 - 6*g**2 + 18*g - 15. Give v(3).
12
Let i(l) = -l + 150. What is i(31)?
119
Let p(u) = 3*u**2 - 176*u + 970. What is p(6)?
22
Let k(q) = 293*q - 3231. Determine k(11).
-8
Let n(z) = 22*z**2 - 1119*z - 188. Give n(51).
-35
Let s(r) = r**3 + 142*r**2 + 39*r - 14355. Determine s(-141).
27
Let g(s) = 5*s**2 + 22*s - 15. Calculate g(5).
220
Let w(z) = 3*z**3 - 43*z**2 + 15*z - 14. Calculate w(14).
0
Let s(q) = 16*q**2 + 250*q + 175. What is s(-15)?
25
Let n(h) = 2*h**3 - 17*h**2 - 19*h - 102. Calculate n(10).
8
Let n(v) = 5*v**3 + 106*v**2 + 348*v + 15. Determine n(-4).
-1
Let i(x) = -x**2 + 66*x + 119. Give i(66).
119
Let m(j) = 137*j - 5457. Give m(40).
23
Let d(x) = -29*x**3 + 3*x**2 + 12*x - 27. Calculate d(2).
-223
Let l(d) = 2*d**2 + 37*d + 155. What is l(-10)?
-15
Let h(k) = 20*k - 1203. What is h(59)?
-23
Let p(h) = -h**2 - 165*h + 2024. Calculate p(12).
-100
Let a(k) = k**2 - 33*k - 59. What is a(33)?
-59
Let g(w) = w**2 - 45*w + 276. Calculate g(8).
-20
Let c(n) = n**3 + 75*n**2 + 77*n + 282. What is c(-74)?
60
Let k(a) = -a**3 - 16*a**2 + 54*a + 1203. Determine k(-13).
-6
Let w(t) = t**2 - 36*t + 37. What is w(17)?
-286
Let y(l) = 14*l**2 - 5*l - 16. What is y(5)?
309
Let m(n) = -109*n - 963. What is m(-9)?
18
Let o(a) = 122*a**2 - 40*a - 22. What is o(-3)?
1196
Let f(u) = -157*u + 2044. Determine f(13).
3
Let f(c) = -10*c**2 + 10*c - 10. What is f(1)?
-10
Let u(o) = 214*o + 1038. Calculate u(-5).
-32
Let t(j) = 24*j - 1123. Determine t(49).
53
Let q(j) = -21*j**2 - 8*j. Determine q(1).
-29
Let b(t) = -t**2 + 45*t - 252. Give b(30).
198
Let c(f) = -2*f**2 + f + 378. Give c(-11).
125
Let a(o) = -39*o + 2817. Calculate a(72).
9
Let l(g) = 133*g**2 + 672*g + 48. Calculate l(-5).
13
Let y(i) = -2*i**2 - 55*i - 184. Determine y(-4).
4
Let t(h) = h**3 - 21*h**2 - 79*h + 80. What is t(24)?
-88
Let v(n) = 1196*n - 126775. Give v(106).
1
Let d(t) = 41*t - 3610. Determine d(88).
-2
Let i(y) = y**3 - 19*y**2 + 97*y - 27. Determine i(9).
36
Let r(c) = -21*c + 738. What is r(35)?
3
Let c(s) = -13*s**2 + 64*s - 11. What is c(5)?
-16
Let c(d) = 3*d**3 + 19*d**2 - 206*d - 20. Determine c(6).
76
Let h(q) = 34*q - 105. Calculate h(5).
65
Let m(z) = 2244*z + 31419. What is m(-14)?
3
Let z(t) = -1920*t - 3748. What is z(-2)?
92
Let h(n) = 1583*n - 7916. Determine h(5).
-1
Let n(k) = -k**3 + 15*k**2 + k - 100. Determine n(0).
-100
Let k(h) = 8058*h - 32236. Determine k(4).
-4
Let k(h) = h**2 - 3*h - 448. Calculate k(23).
12
Let v(j) = 174*j - 2074. Calculate v(8).
-682
Let a(f) = -519*f + 28591. Give a(55).
46
Let p(q) = 15*q**3 - 5*q**2 - 16*q + 62. Give p(3).
374
Let z(a) = 4*a**2 - 39*a - 189. What is z(13)?
-20
Let c(h) = -517*h + 10589. What is c(20)?
249
Let f(y) = -y**3 + 12*y**2 - 19*y - 44. What is f(11)?
-132
Let q(w) = 3*w**3 + 27*w**2 + 19*w - 165. Determine q(2).
5
Let w(q) = -133*q + 1256. Determine w(9).
59
Let b(z) = -12*z**3 - 83*z**2 - 20*z + 2. Calculate b(-7).
191
Let l(s) = 126*s**2 + 1006*s - 8. Give l(-8).
8
Let l(f) = -f**3 + 11*f**2 + 51*f - 590. Determine l(11).
-29
Let s(p) = -2*p**3 + 45*p**2 + 16*p + 68. What is s(23)?
-93
Let v(s) = 2048*s + 83983. Give v(-41).
15
Let d(k) = 271*k - 7892. What is d(29)?
-33
Let m(c) = -8*c**3 - 5*c**2 - 15*c - 37. What is m(-4)?
455
Let t(x) = -10*x**2 + 563*x - 553. Calculate t(1).
0
Let t(c) = 7*c**2 + 271*c + 1554. Calculate t(-7).
0
Let l(n) = -n**2 - 486*n - 4291. Determine l(-9).
2
Let u(m) = -m**2 - 37*m + 306. What is u(7)?
-2
Let r(h) = 2*h**2 - 90*h + 330. What is r(41)?
2
Let y(o) = o**3 + 13*o**2 - 252*o - 3256. Give y(-13).
20
Let h(q) = -q**3 - 49*q**2 - 44*q + 200. Determine h(-48).
8
Let c(v) = -7*v**3 - 12*v**2 - 38*v + 1. What is c(-4)?
409
Let k(s) = -s**3 + 82*s**2 - 55*s - 2200. Determine k(81).
-94
Let i(x) = x**3 - 20*x**2 + 30*x + 94. What is i(18)?
-14
Let a(p) = -101*p**3 + 10*p + 9. Determine a(-1).
100
Let j(h) = 22*h + 463. What is j(-14)?
155
Let o(r) = 4*r**2 + 55*r + 111. Calculate o(-2).
17
Let y(l) = -l**2 - 4*l + 79. Determine y(-10).
19
Let x(m) = -85*m + 1721. Determine x(8).
1041
Let q(a) = -a**3 + 14*a**2 - 417*a + 5845. Calculate q(14).
7
Let x(f) = 2*f**3 + 68*f**2 + 577*f + 22. Give x(-18).
4
Let w(i) = i**3 - 31*i**2 - 61*i - 87. Determine w(33).
78
Let j(u) = 6*u**2 - 206*u + 25. Give j(34).
-43
Let f(n) = -210*n + 10501. Give f(50).
1
Let g(n) = -16*n**2 - n - 3. Calculate g(-1).
-18
Let j(s) = 265*s - 1609. What is j(6)?
-19
Let c(x) = 24*x + 86. Give c(-9).
-130
Let q(x) = -3*x**3 + 35*x**2 + 11*x - 46. Give q(12).
-58
Let w(h) = 5*h**2 - 1518*h + 906. Give w(303).
-3
Let t(r) = -r**3 - 3*r**2 - 3*r + 26. What is t(-5)?
91
Let i(h) = -36*h**3 + 11*h**2 - 31*h - 10. Give i(3).
-976
Let w(k) = -8*k**2 + 63*k + 554. What is w(-9)?
-661
Let p(n) = -53*n + 104. What is p(5)?
-161
Let b(a) = 47*a - 93. Give b(-2).
-187
Let w(n) = -6*n**3 + 55*n + 56. Calculate w(-1).
7
Let m(a) = -a**3 - 13*a**2 - 22*a - 28. Determine m(-9).
-154
Let v(h) = -18*h - 1041. Determine v(-53).
-87
Let b(d) = -68*d**3 - 9*d**2 + d + 7. What is b(1)?
-69
Let s(r) = -4*r**3 + 4*r**2 - 23*r + 89. Calculate s(4).
-195
Let p(h) = 126*h**2 + 164*h + 2. Determine p(-1).
-36
Let k(q) = -q**3 - 12*q**2 - 24*q - 18. Give k(-10).
22
Let s(b) = -b**3 - 72*b**2 + 1103*b - 161. Give s(-85).
9
Let w(c) = 47*c - 540. Calculate w(11).
-23
Let x(h) = -232*h - 670. Determine x(-3).
26
Let k(j) = -97*j**2 + 8245*j - 3. What is k(85)?
-3
Let z(y) = 4*y**2 - 52*y - 258. Give z(17).
14
Let y(q) = -3*q**3 + 82*q**2 + 59*q + 9. What is y(28)?
93
Let q(o) = -2*o**2 + 12*o + 9241. What is q(-65)?
11
Let x(c) = 63*c - 8. Give x(2).
118
Let w(a) = -a**2 + 43*a + 87. What is w(37)?
309
Let g(r) = -329*r + 3291. Calculate g(10).
1
Let j(i) = -9*i + 489. Calculate j(25).
264
Let c(f) = -f**3 + 22*f**2 + 25*f - 45. Determine c(23).
1
Let o(t) = -t**3 + 12*t**2 - 8*t - 34. What is o(11)?
-1
Let p(a) = -a**3 + 31*a**2 + 68*a - 139. Calculate p(33).
-73
Let n(p) = -p**3 - 57*p**2 + 119*p + 58. Calculate n(-59).
-1
Let s(r) = r**3 + 11*r**2 - 32*r - 309. What is s(-11)?
43
Let r(v) = -78*v + 5016. What is r(65)?
-54
Let d(v) = 3458*v - 20739. Give d(6).
9
Let r(o) = -3*o**3 + 10*o**2 - o - 1. Give r(4).
-37
Let b(v) = -85*v + 261. Give b(2).
91
Let p(a) = a**3 - 9*a**2 + a + 19. Give p(9).
28
Let o(m) = 14*m + 37. Calculate o(4).
93
Let y(m) = -14*m - 92. Calculate y(-5).
-22
Let w(q) = 36*q + 119. What is w(-15)?
-421
Let a(j) = -2*j**3 - 147*j**2 - 71*j + 1. Calculate a(-73).
-145
Let r(i) = -4*i**3 + 411*i**2 + 94*i + 917. Calculate r(103).
-10
Let b(r) = -r**3 - 24*r**2 - 253*r - 1128. Calculate b(-10).
2
Let x(c) = 34*c**2 + 43*c - 40. What is x(1)?
37
Let m(d) = -8*d**2 + 388*d + 602. What is m(50)?
2
Let d(n) = -5815*n - 29105. Determine d(-5).
-30
Let u(f) = 38*f - 790. Give u(27).
236
Let d(q) = -3*q**2 - 10*q + 122. What is d(7)?
-95
Let z(x) = 5*x**3 + x**2 + 2*x + 21. What is z(4)?
365
Let l(b) = -b**2 + 20*b - 37. Determine l(17).
14
Let p(t) = 38*t + 240. What is p(-6)?
12
Let v(z) = 142*z + 411. Calculate v(-3).
-15
Let c(v) = 6*v**2 - 38*v - 66. What is c(8)?
14
Let p(k) = 3*k**3 - 5*k**2 - 21*k + 13. Determine p(4).
41
Let n(b) = -147*b + 3824. Calculate n(26).
2
Let q(d) = -12*d**2 + 449*d - 1952. Calculate q(5).
-7
Let h(r) = -3*r**3 - 28*r**2 + 11*r - 5. Calculate h(-9).
-185
Let b(w) = 225*w - 1861. Give b(7).
-286
Let f(v) = v**2 + 185*v + 7966. Calculate f(-68).
10
Let b(u) = u**2 + 579*u - 3515. Determine b(6).
-5
Let s(t) = -t**2 + 6*t + 881. Determine s(-35).
-554
Let f(u) = 2*u**3 - 35*u**2 - 158*u + 231. What is f(21)?
0
Let j(t) = -t**3 + 79*t**2 - 500*t - 402. Calculate j(72).
-114
Let s(v) = -25*v + 1502. Determine s(65).
-123
Let o(v) = v**2 - 18*v - 65. Calculate o(-3).
-2
Let c(t) = -72*t - 90. Calculate c(-1).
-18
Let n(o) = -41*o - 746. Calculate n(-16).
-90
Let f(l) = -14*l + 89. What is f(21)?
-205
Let g(r) = 41*r**2 - 7